re the prime factors of 48665?
5, 9733
What are the prime factors of 1290?
2, 3, 5, 43
What are the prime factors of 20127?
3, 6709
List the prime factors of 599.
599
What are the prime factors of 2837?
2837
List the prime factors of 4342.
2, 13, 167
List the prime factors of 116389.
7, 13, 1279
List the prime factors of 17.
17
List the prime factors of 45497.
45497
List the prime factors of 74056.
2, 9257
What are the prime factors of 2617?
2617
What are the prime factors of 2146?
2, 29, 37
What are the prime factors of 1472?
2, 23
List the prime factors of 3789.
3, 421
List the prime factors of 4385.
5, 877
List the prime factors of 73930.
2, 5, 7393
List the prime factors of 1823.
1823
List the prime factors of 1653.
3, 19, 29
List the prime factors of 1478.
2, 739
What are the prime factors of 5611?
31, 181
What are the prime factors of 592?
2, 37
What are the prime factors of 104623?
104623
What are the prime factors of 38861?
38861
What are the prime factors of 936?
2, 3, 13
List the prime factors of 22709.
22709
List the prime factors of 4227.
3, 1409
What are the prime factors of 78691?
78691
What are the prime factors of 13240?
2, 5, 331
What are the prime factors of 91878?
2, 3, 15313
List the prime factors of 3890.
2, 5, 389
List the prime factors of 651.
3, 7, 31
List the prime factors of 1103.
1103
List the prime factors of 3941.
7, 563
What are the prime factors of 6473?
6473
List the prime factors of 843.
3, 281
What are the prime factors of 60658?
2, 13, 2333
What are the prime factors of 3065?
5, 613
What are the prime factors of 1728?
2, 3
List the prime factors of 45301.
89, 509
List the prime factors of 133850.
2, 5, 2677
List the prime factors of 8854.
2, 19, 233
What are the prime factors of 71403?
3, 23801
What are the prime factors of 8246?
2, 7, 19, 31
List the prime factors of 40.
2, 5
What are the prime factors of 150?
2, 3, 5
List the prime factors of 28396.
2, 31, 229
What are the prime factors of 17999?
41, 439
List the prime factors of 1559.
1559
List the prime factors of 3019.
3019
What are the prime factors of 15925?
5, 7, 13
List the prime factors of 18123.
3, 7, 863
What are the prime factors of 433?
433
List the prime factors of 2470.
2, 5, 13, 19
List the prime factors of 11996.
2, 2999
What are the prime factors of 37?
37
What are the prime factors of 3130?
2, 5, 313
What are the prime factors of 2821?
7, 13, 31
What are the prime factors of 1282?
2, 641
What are the prime factors of 3093?
3, 1031
What are the prime factors of 35305?
5, 23, 307
List the prime factors of 588.
2, 3, 7
What are the prime factors of 1331?
11
List the prime factors of 35699.
29, 1231
List the prime factors of 3392.
2, 53
What are the prime factors of 2726?
2, 29, 47
List the prime factors of 208314.
2, 3, 71, 163
What are the prime factors of 43116?
2, 3, 3593
List the prime factors of 4209.
3, 23, 61
What are the prime factors of 1565?
5, 313
List the prime factors of 7148.
2, 1787
List the prime factors of 3322.
2, 11, 151
List the prime factors of 1532.
2, 383
List the prime factors of 102747.
3, 29, 1181
List the prime factors of 122210.
2, 5, 11, 101
What are the prime factors of 31271?
31271
List the prime factors of 3783.
3, 13, 97
What are the prime factors of 205?
5, 41
List the prime factors of 1677.
3, 13, 43
What are the prime factors of 1206?
2, 3, 67
What are the prime factors of 1980?
2, 3, 5, 11
What are the prime factors of 521?
521
List the prime factors of 53713.
11, 19, 257
List the prime factors of 3793.
3793
List the prime factors of 11890.
2, 5, 29, 41
What are the prime factors of 919?
919
What are the prime factors of 9546?
2, 3, 37, 43
List the prime factors of 1105.
5, 13, 17
What are the prime factors of 41476?
2, 10369
List the prime factors of 100993.
23, 4391
List the prime factors of 787.
787
What are the prime factors of 1492?
2, 373
What are the prime factors of 1327?
1327
List the prime factors of 1231.
1231
What are the prime factors of 11207?
7, 1601
What are the prime factors of 3932?
2, 983
List the prime factors of 851.
23, 37
List the prime factors of 87400.
2, 5, 19, 23
List the prime factors of 11090.
2, 5, 1109
List the prime factors of 623.
7, 89
List the prime factors of 6120.
2, 3, 5, 17
List the prime factors of 3983.
7, 569
What are the prime factors of 1152?
2, 3
List the prime factors of 30231.
3, 3359
What are the prime factors of 702?
2, 3, 13
What are the prime factors of 52706?
2, 19, 73
List the prime factors of 1571.
1571
What are the prime factors of 74080?
2, 5, 463
List the prime factors of 14299.
79, 181
What are the prime factors of 36776?
2, 4597
List the prime factors of 85797.
3, 9533
What are the prime factors of 1203?
3, 401
What are the prime factors of 6759?
3, 751
What are the prime factors of 36479?
36479
List the prime factors of 3071.
37, 83
What are the prime factors of 5199?
3, 1733
What are the prime factors of 119206?
2, 19, 3137
List the prime factors of 13857.
3, 31, 149
What are the prime factors of 2692?
2, 673
List the prime factors of 5276.
2, 1319
What are the prime factors of 705?
3, 5, 47
What are the prime factors of 17?
17
What are the prime factors of 396?
2, 3, 11
List the prime factors of 25161.
3, 8387
What are the prime factors of 4064?
2, 127
List the prime factors of 2085.
3, 5, 139
What are the prime factors of 92916?
2, 3, 29, 89
List the prime factors of 141148.
2, 7, 71
What are the prime factors of 4138?
2, 2069
List the prime factors of 981.
3, 109
List the prime factors of 32250.
2, 3, 5, 43
What are the prime factors of 53806?
2, 26903
What are the prime factors of 18204?
2, 3, 37, 41
What are the prime factors of 1047?
3, 349
List the prime factors of 203.
7, 29
What are the prime factors of 7332?
2, 3, 13, 47
What are the prime factors of 9817?
9817
List the prime factors of 4692.
2, 3, 17, 23
List the prime factors of 4115.
5, 823
List the prime factors of 10523.
17, 619
List the prime factors of 7677.
3, 853
What are the prime factors of 3819?
3, 19, 67
List the prime factors of 7433.
7433
What are the prime factors of 20008?
2, 41, 61
List the prime factors of 1151.
1151
List the prime factors of 1361.
1361
List the prime factors of 185.
5, 37
List the prime factors of 2825.
5, 113
What are the prime factors of 110?
2, 5, 11
List the prime factors of 1220.
2, 5, 61
List the prime factors of 4669.
7, 23, 29
What are the prime factors of 67838?
2, 107, 317
What are the prime factors of 1097?
1097
List the prime factors of 1175.
5, 47
What are the prime factors of 1312?
2, 41
List the prime factors of 559.
13, 43
List the prime factors of 35902.
2, 29, 619
List the prime factors of 51173.
73, 701
What are the prime factors of 744?
2, 3, 31
List the prime factors of 333.
3, 37
List the prime factors of 1476.
2, 3, 41
What are the prime factors of 26363?
41, 643
List the prime factors of 160129.
47, 3407
What are the prime factors of 2134?
2, 11, 97
List the prime factors of 2067.
3, 13, 53
What are the prime factors of 138?
2, 3, 23
What are the prime factors of 3497?
13, 269
List the prime factors of 1230.
2, 3, 5, 41
What are the prime factors of 34547?
179, 193
List the prime factors of 1927.
41, 47
List the prime factors of 51154.
2, 25577
List the prime factors of 453.
3, 151
What are the prime factors of 16401?
3, 7, 11, 71
List the prime factors of 22603.
7, 3229
What are the prime factors of 464?
2, 29
List the prime factors of 604.
2, 151
What are the prime factors of 31286?
2, 15643
List the prime factors of 6902.
2, 7, 17, 29
What are the prime factors of 1816?
2, 227
List the prime factors of 26092.
2, 11, 593
What are the prime factors of 3688?
2, 461
List the prime factors of 754.
2, 13, 29
What are the prime factors of 32851?
7, 13, 19
What are the prime factors of 453?
3, 151
List the prime factors of 976.
2, 61
List the prime factors of 807.
3, 269
What are the prime factors of 6441?
3, 19, 113
List the prime factors of 1275.
3, 5, 17
What are the prime factors of 538?
2, 269
List the prime factors of 6646.
2, 3323
What are the prime factors of 14633?
14633
List the prime factors of 4067.
7, 83
What are the prime factors of 29125?
5, 233
List the prime factors of 12356.
2, 3089
What are the prime factors